{"id":12,"date":"2021-04-08T14:58:35","date_gmt":"2021-04-08T12:58:35","guid":{"rendered":"http:\/\/kils.fr\/?page_id=12"},"modified":"2021-06-08T17:26:44","modified_gmt":"2021-06-08T15:26:44","slug":"contact","status":"publish","type":"page","link":"http:\/\/kils.fr\/index.php\/contact\/","title":{"rendered":"Questions fr\u00e9quentes"},"content":{"rendered":"\n<p>Nous avons list\u00e9 les questions principales que vous pourriez vous poser. N&#8217;h\u00e9sitez pas \u00e0 nous contacter via le formulaire si certaines d\u2019entre elles restent sans r\u00e9ponses<\/p>\n\n\n\n<p>Vous n&#8217;avez pas trouv\u00e9 la r\u00e9ponse \u00e0 votre question ? Contactez nous via le formulaire qui suit !<\/p>\n\n\n<style><\/style><div  class=\"ewd-ufaq-faq-list ewd-ufaq-page-type-distinct\" id='ewd-ufaq-faq-list'>\n\n\t<input type='hidden' name='include_category' value='' id='ewd-ufaq-include-category' \/>\n<input type='hidden' name='exclude_category' value='' id='ewd-ufaq-exclude-category' \/>\n<input type='hidden' name='orderby' value='title' id='ewd-ufaq-orderby' \/>\n<input type='hidden' name='order' value='asc' id='ewd-ufaq-order' \/>\n<input type='hidden' name='post_count' value='-1' id='ewd-ufaq-post-count' \/>\n<input type='hidden' name='current_url' value='\/index.php\/wp-json\/wp\/v2\/pages\/12' id='ewd-ufaq-current-url' \/>\n\t\n\t\n\t<div class='ewd-ufaq-faqs'>\n\n\t\t<div  class=\"ewd-ufaq-faq-div ewd-ufaq-faq-column-count-one ewd-ufaq-faq-responsive-columns- ewd-ufaq-faq-display-style-default ewd-ufaq-can-be-toggled\" id='ewd-ufaq-post-519-Y15vCVXFMx' data-post_id='519'>\n\n\t<div class='ewd-ufaq-faq-title ewd-ufaq-faq-toggle'>\n\t\n\t<a class='ewd-ufaq-post-margin'  href='http:\/\/kils.fr\/index.php\/ufaq\/assumer-oser-son-gout-plutot-que-la-mode-ou-le-gout-des-journaux-de-decoration\/'>\n\n\t\t<div class='ewd-ufaq-post-margin-symbol ewd-ufaq-'>\n\t\t\t<span >A<\/span>\n\t\t<\/div>\n\n\t\t<div class='ewd-ufaq-faq-title-text'>\n\n\t\t\t<h4>\n\t\t\t\tAssumer, oser son gout plut\u00f4t que la mode ou le gout des journaux de d\u00e9coration\t\t\t<\/h4>\n\n\t\t<\/div>\n\n\t\t<div class='ewd-ufaq-clear'><\/div>\n\n\t<\/a>\n\t\n<\/div>\n\t\n\t<div class='ewd-ufaq-faq-body ' >\n\n\t\t\n\t\t\t\n\t\t\n\t\t\t<div class='ewd-ufaq-post-margin ewd-ufaq-faq-post'>\n\tNous croyons qu\u2019une d\u00e9coration s\u2019assume lorsqu\u2019elle refl\u00e8te votre personnalit\u00e9, que vous soyez un particulier, un restaurateur, un h\u00f4telier, un dirigeant d\u2019entreprise. N\u2019est ce pas vous qui allez vivre avec et\/ou cr\u00e9er une exp\u00e9rience client, ou enfin guider vos \u00e9quipes. Le plus difficile est de choisir. Un maitre mot, n\u2019ayez pas peur de vos gouts, OSEZ<\/div>\n\t\t\n\t\t\t\n\t\t\n\t\t\t<div class='ewd-ufaq-faq-custom-fields'>\n\n\t\n<\/div>\n\t\t\n\t\t\t\n\t\t\n\t\t\t\n\t\t\n\t\t\t\n\t\t\n\t\t\t\n\t\t\n\t\t\t\n\t\t\n\t\t\t\n\t\t\n\t<\/div>\n\n<\/div><div  class=\"ewd-ufaq-faq-div ewd-ufaq-faq-column-count-one ewd-ufaq-faq-responsive-columns- ewd-ufaq-faq-display-style-default ewd-ufaq-can-be-toggled\" id='ewd-ufaq-post-524-UDF9Xbit7t' data-post_id='524'>\n\n\t<div class='ewd-ufaq-faq-title ewd-ufaq-faq-toggle'>\n\t\n\t<a class='ewd-ufaq-post-margin'  href='http:\/\/kils.fr\/index.php\/ufaq\/confort-et-design-ne-font-pas-toujours-bon-menage\/'>\n\n\t\t<div class='ewd-ufaq-post-margin-symbol ewd-ufaq-'>\n\t\t\t<span >A<\/span>\n\t\t<\/div>\n\n\t\t<div class='ewd-ufaq-faq-title-text'>\n\n\t\t\t<h4>\n\t\t\t\tConfort et design ne font pas toujours bon m\u00e9nage\t\t\t<\/h4>\n\n\t\t<\/div>\n\n\t\t<div class='ewd-ufaq-clear'><\/div>\n\n\t<\/a>\n\t\n<\/div>\n\t\n\t<div class='ewd-ufaq-faq-body ' >\n\n\t\t\n\t\t\t\n\t\t\n\t\t\t<div class='ewd-ufaq-post-margin ewd-ufaq-faq-post'>\n\t<p>Nous accordons beaucoup d\u2019importance au confort au point d\u2019\u00e9liminer des produits esth\u00e9tiques mais inconfortables ; \u00e0 moins de les traiter comme des \u0153uvres d\u2019art \u00e0 l\u2019identique d\u2019une sculpture.<\/p>\n<\/div>\n\t\t\n\t\t\t\n\t\t\n\t\t\t<div class='ewd-ufaq-faq-custom-fields'>\n\n\t\n<\/div>\n\t\t\n\t\t\t\n\t\t\n\t\t\t\n\t\t\n\t\t\t\n\t\t\n\t\t\t\n\t\t\n\t\t\t\n\t\t\n\t\t\t\n\t\t\n\t<\/div>\n\n<\/div><div  class=\"ewd-ufaq-faq-div ewd-ufaq-faq-column-count-one ewd-ufaq-faq-responsive-columns- ewd-ufaq-faq-display-style-default ewd-ufaq-can-be-toggled\" id='ewd-ufaq-post-522-DuhCmxtbLB' data-post_id='522'>\n\n\t<div class='ewd-ufaq-faq-title ewd-ufaq-faq-toggle'>\n\t\n\t<a class='ewd-ufaq-post-margin'  href='http:\/\/kils.fr\/index.php\/ufaq\/lorganisation-par-association-de-competence\/'>\n\n\t\t<div class='ewd-ufaq-post-margin-symbol ewd-ufaq-'>\n\t\t\t<span >A<\/span>\n\t\t<\/div>\n\n\t\t<div class='ewd-ufaq-faq-title-text'>\n\n\t\t\t<h4>\n\t\t\t\tL\u2019organisation par association de comp\u00e9tence\t\t\t<\/h4>\n\n\t\t<\/div>\n\n\t\t<div class='ewd-ufaq-clear'><\/div>\n\n\t<\/a>\n\t\n<\/div>\n\t\n\t<div class='ewd-ufaq-faq-body ' >\n\n\t\t\n\t\t\t\n\t\t\n\t\t\t<div class='ewd-ufaq-post-margin ewd-ufaq-faq-post'>\n\t<p>L\u2019organisation par association de comp\u00e9tence consiste \u00e0 r\u00e9unir sur un projet les \u00e9quipes idoines et sp\u00e9cialement adapt\u00e9es au projet. Elle permet souplesse et r\u00e9activit\u00e9. Notre soci\u00e9t\u00e9 ne souffrant pas de couts fixes importants, nous pouvons travailler avec de courtes marges, pour offrir \u00e0 nos clients le meilleur \u00e0 des prix extr\u00eamement comp\u00e9titifs.<\/p>\n<\/div>\n\t\t\n\t\t\t\n\t\t\n\t\t\t<div class='ewd-ufaq-faq-custom-fields'>\n\n\t\n<\/div>\n\t\t\n\t\t\t\n\t\t\n\t\t\t\n\t\t\n\t\t\t\n\t\t\n\t\t\t\n\t\t\n\t\t\t\n\t\t\n\t\t\t\n\t\t\n\t<\/div>\n\n<\/div><div  class=\"ewd-ufaq-faq-div ewd-ufaq-faq-column-count-one ewd-ufaq-faq-responsive-columns- ewd-ufaq-faq-display-style-default ewd-ufaq-can-be-toggled\" id='ewd-ufaq-post-521-SJCXefScUF' data-post_id='521'>\n\n\t<div class='ewd-ufaq-faq-title ewd-ufaq-faq-toggle'>\n\t\n\t<a class='ewd-ufaq-post-margin'  href='http:\/\/kils.fr\/index.php\/ufaq\/le-somptuaire\/'>\n\n\t\t<div class='ewd-ufaq-post-margin-symbol ewd-ufaq-'>\n\t\t\t<span >A<\/span>\n\t\t<\/div>\n\n\t\t<div class='ewd-ufaq-faq-title-text'>\n\n\t\t\t<h4>\n\t\t\t\tLe somptuaire\t\t\t<\/h4>\n\n\t\t<\/div>\n\n\t\t<div class='ewd-ufaq-clear'><\/div>\n\n\t<\/a>\n\t\n<\/div>\n\t\n\t<div class='ewd-ufaq-faq-body ' >\n\n\t\t\n\t\t\t\n\t\t\n\t\t\t<div class='ewd-ufaq-post-margin ewd-ufaq-faq-post'>\n\t<p>Nous savons faire mais s\u2019il ne se r\u00e9sume qu\u2019\u00e0 impressionner les autres, il faut se m\u00e9fier que votre d\u00e9coration ne paraisse pas artificielle et vous-m\u00eame de ce fait.<\/p>\n<\/div>\n\t\t\n\t\t\t\n\t\t\n\t\t\t<div class='ewd-ufaq-faq-custom-fields'>\n\n\t\n<\/div>\n\t\t\n\t\t\t\n\t\t\n\t\t\t\n\t\t\n\t\t\t\n\t\t\n\t\t\t\n\t\t\n\t\t\t\n\t\t\n\t\t\t\n\t\t\n\t<\/div>\n\n<\/div><div  class=\"ewd-ufaq-faq-div ewd-ufaq-faq-column-count-one ewd-ufaq-faq-responsive-columns- ewd-ufaq-faq-display-style-default ewd-ufaq-can-be-toggled\" id='ewd-ufaq-post-525-KOiqYgBhKJ' data-post_id='525'>\n\n\t<div class='ewd-ufaq-faq-title ewd-ufaq-faq-toggle'>\n\t\n\t<a class='ewd-ufaq-post-margin'  href='http:\/\/kils.fr\/index.php\/ufaq\/les-grands-designers-mais-aussi-les-jeunes-pousses-la-creativite-nappartient-pas-quaux-grands-noms\/'>\n\n\t\t<div class='ewd-ufaq-post-margin-symbol ewd-ufaq-'>\n\t\t\t<span >A<\/span>\n\t\t<\/div>\n\n\t\t<div class='ewd-ufaq-faq-title-text'>\n\n\t\t\t<h4>\n\t\t\t\tLes grands designers mais aussi les jeunes pousses: la cr\u00e9ativit\u00e9 n\u2019appartient pas qu\u2019aux grands noms\t\t\t<\/h4>\n\n\t\t<\/div>\n\n\t\t<div class='ewd-ufaq-clear'><\/div>\n\n\t<\/a>\n\t\n<\/div>\n\t\n\t<div class='ewd-ufaq-faq-body ' >\n\n\t\t\n\t\t\t\n\t\t\n\t\t\t<div class='ewd-ufaq-post-margin ewd-ufaq-faq-post'>\n\t<p>Nous v\u00e9n\u00e9rons les grands noms du design tout en ayant conscience que tout ce qu\u2019ils ont sign\u00e9 n\u2019est pas fantastique. Mais surtout nous aimons d\u00e9nicher de jeunes designers, peut \u00eatre futurs grands noms ou pas ; l\u2019essentiel \u00e9tant qu\u2019ils nous plaisent ! Pour citer Maurice Rheims \u00e0 propos d\u2019une \u0153uvre d\u2019art \u201cce n\u2019est pas la signature qui compte mais le fait que vous aimiez ou pas\u201d<\/p>\n<\/div>\n\t\t\n\t\t\t\n\t\t\n\t\t\t<div class='ewd-ufaq-faq-custom-fields'>\n\n\t\n<\/div>\n\t\t\n\t\t\t\n\t\t\n\t\t\t\n\t\t\n\t\t\t\n\t\t\n\t\t\t\n\t\t\n\t\t\t\n\t\t\n\t\t\t\n\t\t\n\t<\/div>\n\n<\/div><div  class=\"ewd-ufaq-faq-div ewd-ufaq-faq-column-count-one ewd-ufaq-faq-responsive-columns- ewd-ufaq-faq-display-style-default ewd-ufaq-can-be-toggled\" id='ewd-ufaq-post-520-Kne20AztMk' data-post_id='520'>\n\n\t<div class='ewd-ufaq-faq-title ewd-ufaq-faq-toggle'>\n\t\n\t<a class='ewd-ufaq-post-margin'  href='http:\/\/kils.fr\/index.php\/ufaq\/ne-craignez-pas-les-appreciations-des-autres\/'>\n\n\t\t<div class='ewd-ufaq-post-margin-symbol ewd-ufaq-'>\n\t\t\t<span >A<\/span>\n\t\t<\/div>\n\n\t\t<div class='ewd-ufaq-faq-title-text'>\n\n\t\t\t<h4>\n\t\t\t\tne craignez pas les appr\u00e9ciations des autres\t\t\t<\/h4>\n\n\t\t<\/div>\n\n\t\t<div class='ewd-ufaq-clear'><\/div>\n\n\t<\/a>\n\t\n<\/div>\n\t\n\t<div class='ewd-ufaq-faq-body ' >\n\n\t\t\n\t\t\t\n\t\t\n\t\t\t<div class='ewd-ufaq-post-margin ewd-ufaq-faq-post'>\n\t<p>Apr\u00e8s Vous avoir bien \u00e9cout\u00e9, notre r\u00f4le est de vous proposer les produits, la d\u00e9coration qui vous correspondent en ouvrant votre champs de vision. En mati\u00e8re d\u2019h\u00f4tellerie comme de CHR il s\u2019agira plus d\u2019orientation marketing en sachant qu\u2019un h\u00f4tel comme un restaurant gagne \u00e0 ne pas \u00eatre qu\u2019un lieu o\u00f9 l&#8217;on dort ou mange. Enfin pour les bureaux, c\u2019est une atmosph\u00e8re de travail sans en sentir le poids, ni l\u2019aspect laborieux. Cr\u00e9er l\u2019envie de venir travailler et inspirer la s\u00e9r\u00e9nit\u00e9. Nous nous m\u00e9fions des photos des journaux de d\u00e9coration aseptis\u00e9es, belles, mais tellement loin de la vie r\u00e9elle.<\/p>\n<\/div>\n\t\t\n\t\t\t\n\t\t\n\t\t\t<div class='ewd-ufaq-faq-custom-fields'>\n\n\t\n<\/div>\n\t\t\n\t\t\t\n\t\t\n\t\t\t\n\t\t\n\t\t\t\n\t\t\n\t\t\t\n\t\t\n\t\t\t\n\t\t\n\t\t\t\n\t\t\n\t<\/div>\n\n<\/div><div  class=\"ewd-ufaq-faq-div ewd-ufaq-faq-column-count-one ewd-ufaq-faq-responsive-columns- ewd-ufaq-faq-display-style-default ewd-ufaq-can-be-toggled\" id='ewd-ufaq-post-523-4E3HBiWuvR' data-post_id='523'>\n\n\t<div class='ewd-ufaq-faq-title ewd-ufaq-faq-toggle'>\n\t\n\t<a class='ewd-ufaq-post-margin'  href='http:\/\/kils.fr\/index.php\/ufaq\/pourquoi-avoir-retenu-ces-marques\/'>\n\n\t\t<div class='ewd-ufaq-post-margin-symbol ewd-ufaq-'>\n\t\t\t<span >A<\/span>\n\t\t<\/div>\n\n\t\t<div class='ewd-ufaq-faq-title-text'>\n\n\t\t\t<h4>\n\t\t\t\tPourquoi avoir retenu ces marques ?\t\t\t<\/h4>\n\n\t\t<\/div>\n\n\t\t<div class='ewd-ufaq-clear'><\/div>\n\n\t<\/a>\n\t\n<\/div>\n\t\n\t<div class='ewd-ufaq-faq-body ' >\n\n\t\t\n\t\t\t\n\t\t\n\t\t\t<div class='ewd-ufaq-post-margin ewd-ufaq-faq-post'>\n\t<p>Les marques que nous distribuons ont \u00e9t\u00e9 s\u00e9lectionn\u00e9es pour: &#8211; leur cr\u00e9ativit\u00e9 \u2018confortable\u2019 avec un esth\u00e9tique qui nous s\u00e9duit &#8211; leur relative carence en marketing &#8211; la qualit\u00e9 de leur fabrication &#8211; leur irr\u00e9prochable SAV &#8211; leur \u00e2me et authenticit\u00e9 Nous n\u2019h\u00e9sitons pas \u00e0 travailler avec des marques dont nous ne sommes pas distributeur dans la mesure o\u00f9 celles-ci respectent qualit\u00e9, respect des d\u00e9lais et honn\u00eatet\u00e9.<\/p>\n<\/div>\n\t\t\n\t\t\t\n\t\t\n\t\t\t<div class='ewd-ufaq-faq-custom-fields'>\n\n\t\n<\/div>\n\t\t\n\t\t\t\n\t\t\n\t\t\t\n\t\t\n\t\t\t\n\t\t\n\t\t\t\n\t\t\n\t\t\t\n\t\t\n\t\t\t\n\t\t\n\t<\/div>\n\n<\/div><div  class=\"ewd-ufaq-faq-div ewd-ufaq-faq-column-count-one ewd-ufaq-faq-responsive-columns- ewd-ufaq-faq-display-style-default ewd-ufaq-can-be-toggled\" id='ewd-ufaq-post-518-9fGsFFIhWs' data-post_id='518'>\n\n\t<div class='ewd-ufaq-faq-title ewd-ufaq-faq-toggle'>\n\t\n\t<a class='ewd-ufaq-post-margin'  href='http:\/\/kils.fr\/index.php\/ufaq\/un-revendeur-plus-cher-quen-direct\/'>\n\n\t\t<div class='ewd-ufaq-post-margin-symbol ewd-ufaq-'>\n\t\t\t<span >A<\/span>\n\t\t<\/div>\n\n\t\t<div class='ewd-ufaq-faq-title-text'>\n\n\t\t\t<h4>\n\t\t\t\tUn revendeur plus cher qu\u2019en direct\t\t\t<\/h4>\n\n\t\t<\/div>\n\n\t\t<div class='ewd-ufaq-clear'><\/div>\n\n\t<\/a>\n\t\n<\/div>\n\t\n\t<div class='ewd-ufaq-faq-body ' >\n\n\t\t\n\t\t\t\n\t\t\n\t\t\t<div class='ewd-ufaq-post-margin ewd-ufaq-faq-post'>\n\t<p>C\u2019est une illusion que nous allons vous d\u00e9monter ci-dessous: Le fabriquant a deux moyens de distribution \u00e0 sa disposition lesquels peuvent se superposer. Revendeur ou internet, si la marque a son propre r\u00e9seau de vente le cout de celui-ci est identique au revendeur, voir plus cher puisqu\u2019il doit assurer les couts des loyers g\u00e9rer, surveiller ses employ\u00e9s d\u00e9ploy\u00e9s sur son r\u00e9seau. Par Internet le cout des mots cl\u00e9s de la pr\u00e9sence en premi\u00e8re page oblige \u00e0 \u00eatre un tr\u00e8s puissant acteur afin d\u2019en amortir le cout. Enfin il faut oublier le sur mesure<\/p>\n<\/div>\n\t\t\n\t\t\t\n\t\t\n\t\t\t<div class='ewd-ufaq-faq-custom-fields'>\n\n\t\n<\/div>\n\t\t\n\t\t\t\n\t\t\n\t\t\t\n\t\t\n\t\t\t\n\t\t\n\t\t\t\n\t\t\n\t\t\t\n\t\t\n\t\t\t\n\t\t\n\t<\/div>\n\n<\/div>\n\t<\/div>\n\n\t\n<\/div>\n\n\n\n<p><\/p>\n","protected":false},"excerpt":{"rendered":"<p>A Un revendeur plus cher qu\u2019en direct C\u2019est une illusion que nous allons vous d\u00e9monter ci-dessous: Le fabriquant a deux moyens de distribution \u00e0 sa disposition lesquels peuvent se superposer. Revendeur ou internet, si la marque a son propre r\u00e9seau de vente le cout de celui-ci est identique au revendeur, [&hellip;]<\/p>\n","protected":false},"author":1,"featured_media":0,"parent":0,"menu_order":0,"comment_status":"closed","ping_status":"closed","template":"","meta":{"spay_email":""},"_links":{"self":[{"href":"http:\/\/kils.fr\/index.php\/wp-json\/wp\/v2\/pages\/12"}],"collection":[{"href":"http:\/\/kils.fr\/index.php\/wp-json\/wp\/v2\/pages"}],"about":[{"href":"http:\/\/kils.fr\/index.php\/wp-json\/wp\/v2\/types\/page"}],"author":[{"embeddable":true,"href":"http:\/\/kils.fr\/index.php\/wp-json\/wp\/v2\/users\/1"}],"replies":[{"embeddable":true,"href":"http:\/\/kils.fr\/index.php\/wp-json\/wp\/v2\/comments?post=12"}],"version-history":[{"count":11,"href":"http:\/\/kils.fr\/index.php\/wp-json\/wp\/v2\/pages\/12\/revisions"}],"predecessor-version":[{"id":529,"href":"http:\/\/kils.fr\/index.php\/wp-json\/wp\/v2\/pages\/12\/revisions\/529"}],"wp:attachment":[{"href":"http:\/\/kils.fr\/index.php\/wp-json\/wp\/v2\/media?parent=12"}],"curies":[{"name":"wp","href":"https:\/\/api.w.org\/{rel}","templated":true}]}}