{"id":11,"date":"2021-04-08T14:58:35","date_gmt":"2021-04-08T12:58:35","guid":{"rendered":"http:\/\/kils.fr\/?page_id=11"},"modified":"2021-05-06T17:01:22","modified_gmt":"2021-05-06T15:01:22","slug":"a-propos-de","status":"publish","type":"page","link":"http:\/\/kils.fr\/index.php\/a-propos-de\/","title":{"rendered":"A propos"},"content":{"rendered":"\n<div class=\"wp-block-group\"><div class=\"wp-block-group__inner-container\">\n<div class=\"wp-block-group\"><div class=\"wp-block-group__inner-container\">\n<div class=\"wp-block-media-text alignfull is-stacked-on-mobile\" style=\"grid-template-columns:53% auto\"><figure class=\"wp-block-media-text__media\"><img loading=\"lazy\" width=\"1024\" height=\"1024\" src=\"http:\/\/kils.fr\/wp-content\/uploads\/2021\/04\/thumbnail_FFE55A6C-F4D7-4D8B-A485-A5A867F768E6-1024x1024.jpg\" alt=\"\" class=\"wp-image-47 size-large\" srcset=\"http:\/\/kils.fr\/wp-content\/uploads\/2021\/04\/thumbnail_FFE55A6C-F4D7-4D8B-A485-A5A867F768E6-1024x1024.jpg 1024w, http:\/\/kils.fr\/wp-content\/uploads\/2021\/04\/thumbnail_FFE55A6C-F4D7-4D8B-A485-A5A867F768E6-300x300.jpg 300w, http:\/\/kils.fr\/wp-content\/uploads\/2021\/04\/thumbnail_FFE55A6C-F4D7-4D8B-A485-A5A867F768E6-150x150.jpg 150w, http:\/\/kils.fr\/wp-content\/uploads\/2021\/04\/thumbnail_FFE55A6C-F4D7-4D8B-A485-A5A867F768E6-768x767.jpg 768w, http:\/\/kils.fr\/wp-content\/uploads\/2021\/04\/thumbnail_FFE55A6C-F4D7-4D8B-A485-A5A867F768E6.jpg 1280w\" sizes=\"(max-width: 1024px) 100vw, 1024px\" \/><\/figure><div class=\"wp-block-media-text__content\">\n<p>Cr\u00e9\u00e9 par Henri Belloy qui apr\u00e8s une carri\u00e8re dans la mode en Asie comme en Europe<br>a d\u00e9cid\u00e9 d&#8217;habiller les lieux de vie comme il v\u00eatait les humains.<br>Son sens de l\u2019esth\u00e9tique et sa passion des couleurs et du design \u2026..ont fait le reste.<\/p>\n<\/div><\/div>\n<\/div><\/div>\n<\/div><\/div>\n\n\n\n<div class=\"wp-block-media-text alignwide is-stacked-on-mobile\" style=\"grid-template-columns:52% auto\"><figure class=\"wp-block-media-text__media\"><img loading=\"lazy\" width=\"1024\" height=\"768\" src=\"http:\/\/kils.fr\/wp-content\/uploads\/2021\/04\/202005_KilsLifArt-Showroom_47-rue-dAboukir-75002-11-1024x768.jpg\" alt=\"\" class=\"wp-image-66 size-full\" srcset=\"http:\/\/kils.fr\/wp-content\/uploads\/2021\/04\/202005_KilsLifArt-Showroom_47-rue-dAboukir-75002-11-1024x768.jpg 1024w, http:\/\/kils.fr\/wp-content\/uploads\/2021\/04\/202005_KilsLifArt-Showroom_47-rue-dAboukir-75002-11-300x225.jpg 300w, http:\/\/kils.fr\/wp-content\/uploads\/2021\/04\/202005_KilsLifArt-Showroom_47-rue-dAboukir-75002-11-768x576.jpg 768w, http:\/\/kils.fr\/wp-content\/uploads\/2021\/04\/202005_KilsLifArt-Showroom_47-rue-dAboukir-75002-11-1536x1152.jpg 1536w, http:\/\/kils.fr\/wp-content\/uploads\/2021\/04\/202005_KilsLifArt-Showroom_47-rue-dAboukir-75002-11-2048x1536.jpg 2048w, http:\/\/kils.fr\/wp-content\/uploads\/2021\/04\/202005_KilsLifArt-Showroom_47-rue-dAboukir-75002-11-1568x1176.jpg 1568w\" sizes=\"(max-width: 1024px) 100vw, 1024px\" \/><\/figure><div class=\"wp-block-media-text__content\">\n<p class=\"has-text-align-center has-white-color has-text-color has-large-font-size\">QUOI ?<\/p>\n\n\n\n<p class=\"has-drop-cap has-text-align-right has-white-color has-text-color has-normal-font-size\"><span class=\"has-inline-color has-black-color\">Kils cr\u00e9e des d\u00e9corations personnalis\u00e9es. <br>Que ce soit les tissus, les essences de bois, les dimensions, les couleurs etc tout est sur mesure et harmonis\u00e9.<br>Que ce soit le mobilier en tant que revendeur, ou l&#8217;ensemble d&#8217;un lieu en tant que d\u00e9corateur ou architecte d&#8217;int\u00e9rieur, vos gouts, vos besoins sont nos prescriptions.<br>A Nous de vous les transcrire en une r\u00e9alit\u00e9 propre au bonheur et \u00e0 la s\u00e9r\u00e9nit\u00e9 et ceci qu&#8217;il s&#8217;agisse de votre r\u00e9sidence de vos bureaux, votre restaurant ou h\u00f4tel.<br>Nous sommes guid\u00e9s par app\u00e9tence au bien \u00eatre<\/span><\/p>\n<\/div><\/div>\n\n\n\n<hr class=\"wp-block-separator has-text-color has-background has-white-background-color has-white-color is-style-dots\"\/>\n\n\n\n<div class=\"wp-block-media-text alignwide has-media-on-the-right is-stacked-on-mobile\"><figure class=\"wp-block-media-text__media\"><img loading=\"lazy\" width=\"1024\" height=\"683\" src=\"http:\/\/kils.fr\/wp-content\/uploads\/2021\/04\/Meero-2000-1-1024x683.jpg\" alt=\"\" class=\"wp-image-64 size-full\" srcset=\"http:\/\/kils.fr\/wp-content\/uploads\/2021\/04\/Meero-2000-1-1024x683.jpg 1024w, http:\/\/kils.fr\/wp-content\/uploads\/2021\/04\/Meero-2000-1-300x200.jpg 300w, http:\/\/kils.fr\/wp-content\/uploads\/2021\/04\/Meero-2000-1-768x512.jpg 768w, http:\/\/kils.fr\/wp-content\/uploads\/2021\/04\/Meero-2000-1-1536x1024.jpg 1536w, http:\/\/kils.fr\/wp-content\/uploads\/2021\/04\/Meero-2000-1-2048x1365.jpg 2048w, http:\/\/kils.fr\/wp-content\/uploads\/2021\/04\/Meero-2000-1-1568x1045.jpg 1568w\" sizes=\"(max-width: 1024px) 100vw, 1024px\" \/><\/figure><div class=\"wp-block-media-text__content\">\n<p class=\"has-text-align-center has-white-color has-text-color has-large-font-size\">COMMENT ?<\/p>\n\n\n\n<p class=\"has-drop-cap has-white-color has-text-color has-normal-font-size\"><span class=\"has-inline-color has-black-color\">Un lieu d&#8217;exposition sur 250m\u00b2 au 47 rue Aboukir, pens\u00e9 comme un appartement et non comme un lieu de vente permettant d&#8217;essayer de toucher et d&#8217;\u00eatre convaincu par le produit.<br>VOUS N&#8217;ACHETEZ PAS UNE IMAGE !<br>Pour les projets de d\u00e9coration plus globaux et ceux d&#8217;architecture d&#8217;int\u00e9rieur, nous proc\u00e9dons par esquisse plan et devis lesquels sont gratuits si le projet nous est confi\u00e9.<br>Notre structure est de base extr\u00eamement l\u00e9g\u00e8re de sorte de garantir des prix comp\u00e9titifs.<br>Selon les projets nous constituons une \u00e9quipe d\u00e9di\u00e9e.<br>Cette organisation rationnelle en r\u00e9seau de comp\u00e9tence avec des entreprises (electricit\u00e9,<br>plomberie, carrelage, menuiserie etc) toutes test\u00e9es v\u00e9rifi\u00e9es et comp\u00e9tentes<\/span><\/p>\n<\/div><\/div>\n\n\n\n<hr class=\"wp-block-separator has-text-color has-background has-white-background-color has-white-color is-style-dots\"\/>\n\n\n\n<div class=\"wp-block-media-text alignwide is-stacked-on-mobile\"><figure class=\"wp-block-media-text__media\"><img loading=\"lazy\" width=\"1004\" height=\"1024\" src=\"http:\/\/kils.fr\/wp-content\/uploads\/2021\/04\/se\u0301jour-sam-cuisine-1004x1024.jpeg\" alt=\"\" class=\"wp-image-88 size-full\" srcset=\"http:\/\/kils.fr\/wp-content\/uploads\/2021\/04\/se\u0301jour-sam-cuisine-1004x1024.jpeg 1004w, http:\/\/kils.fr\/wp-content\/uploads\/2021\/04\/se\u0301jour-sam-cuisine-294x300.jpeg 294w, http:\/\/kils.fr\/wp-content\/uploads\/2021\/04\/se\u0301jour-sam-cuisine-768x784.jpeg 768w, http:\/\/kils.fr\/wp-content\/uploads\/2021\/04\/se\u0301jour-sam-cuisine-1505x1536.jpeg 1505w, http:\/\/kils.fr\/wp-content\/uploads\/2021\/04\/se\u0301jour-sam-cuisine.jpeg 1568w\" sizes=\"(max-width: 1004px) 100vw, 1004px\" \/><\/figure><div class=\"wp-block-media-text__content\">\n<p class=\"has-text-align-center has-white-color has-text-color has-large-font-size\">POUR QUI ?<\/p>\n\n\n\n<p class=\"has-drop-cap has-white-color has-text-color has-normal-font-size\"><span class=\"has-inline-color has-black-color\">Nous intervenons autant sur le r\u00e9sidentiel que sur les bureaux ou CHR<br>Nous acceptons sans soucis de travailler en sous traitance pour des confr\u00eares<\/span><\/p>\n<\/div><\/div>\n","protected":false},"excerpt":{"rendered":"<p>QUOI ? Kils cr\u00e9e des d\u00e9corations personnalis\u00e9es. Que ce soit les tissus, les essences de bois, les dimensions, les couleurs etc tout est sur mesure et harmonis\u00e9.Que ce soit le mobilier en tant que revendeur, ou l&#8217;ensemble d&#8217;un lieu en tant que d\u00e9corateur ou architecte d&#8217;int\u00e9rieur, vos gouts, vos besoins [&hellip;]<\/p>\n","protected":false},"author":1,"featured_media":0,"parent":0,"menu_order":0,"comment_status":"closed","ping_status":"closed","template":"","meta":{"spay_email":""},"_links":{"self":[{"href":"http:\/\/kils.fr\/index.php\/wp-json\/wp\/v2\/pages\/11"}],"collection":[{"href":"http:\/\/kils.fr\/index.php\/wp-json\/wp\/v2\/pages"}],"about":[{"href":"http:\/\/kils.fr\/index.php\/wp-json\/wp\/v2\/types\/page"}],"author":[{"embeddable":true,"href":"http:\/\/kils.fr\/index.php\/wp-json\/wp\/v2\/users\/1"}],"replies":[{"embeddable":true,"href":"http:\/\/kils.fr\/index.php\/wp-json\/wp\/v2\/comments?post=11"}],"version-history":[{"count":40,"href":"http:\/\/kils.fr\/index.php\/wp-json\/wp\/v2\/pages\/11\/revisions"}],"predecessor-version":[{"id":513,"href":"http:\/\/kils.fr\/index.php\/wp-json\/wp\/v2\/pages\/11\/revisions\/513"}],"wp:attachment":[{"href":"http:\/\/kils.fr\/index.php\/wp-json\/wp\/v2\/media?parent=11"}],"curies":[{"name":"wp","href":"https:\/\/api.w.org\/{rel}","templated":true}]}}

<div class="wp-block-group"><div class="wp-block-group__inner-container">
<div class="wp-block-group"><div class="wp-block-group__inner-container">
<div class="wp-block-media-text alignfull is-stacked-on-mobile" style="grid-template-columns:53% auto"><figure class="wp-block-media-text__media"><img loading="lazy" width="1024" height="1024" src="http://kils.fr/wp-content/uploads/2021/04/thumbnail_FFE55A6C-F4D7-4D8B-A485-A5A867F768E6-1024x1024.jpg" alt="" class="wp-image-47 size-large" srcset="http://kils.fr/wp-content/uploads/2021/04/thumbnail_FFE55A6C-F4D7-4D8B-A485-A5A867F768E6-1024x1024.jpg 1024w, http://kils.fr/wp-content/uploads/2021/04/thumbnail_FFE55A6C-F4D7-4D8B-A485-A5A867F768E6-300x300.jpg 300w, http://kils.fr/wp-content/uploads/2021/04/thumbnail_FFE55A6C-F4D7-4D8B-A485-A5A867F768E6-150x150.jpg 150w, http://kils.fr/wp-content/uploads/2021/04/thumbnail_FFE55A6C-F4D7-4D8B-A485-A5A867F768E6-768x767.jpg 768w, http://kils.fr/wp-content/uploads/2021/04/thumbnail_FFE55A6C-F4D7-4D8B-A485-A5A867F768E6.jpg 1280w" sizes="(max-width: 1024px) 100vw, 1024px" /></figure><div class="wp-block-media-text__content">
<p>Créé par Henri Belloy qui après une carrière dans la mode en Asie comme en Europe<br>a décidé d&#8217;habiller les lieux de vie comme il vêtait les humains.<br>Son sens de l’esthétique et sa passion des couleurs et du design …..ont fait le reste.</p>
</div></div>
</div></div>
</div></div>



<div class="wp-block-media-text alignwide is-stacked-on-mobile" style="grid-template-columns:52% auto"><figure class="wp-block-media-text__media"><img loading="lazy" width="1024" height="768" src="http://kils.fr/wp-content/uploads/2021/04/202005_KilsLifArt-Showroom_47-rue-dAboukir-75002-11-1024x768.jpg" alt="" class="wp-image-66 size-full" srcset="http://kils.fr/wp-content/uploads/2021/04/202005_KilsLifArt-Showroom_47-rue-dAboukir-75002-11-1024x768.jpg 1024w, http://kils.fr/wp-content/uploads/2021/04/202005_KilsLifArt-Showroom_47-rue-dAboukir-75002-11-300x225.jpg 300w, http://kils.fr/wp-content/uploads/2021/04/202005_KilsLifArt-Showroom_47-rue-dAboukir-75002-11-768x576.jpg 768w, http://kils.fr/wp-content/uploads/2021/04/202005_KilsLifArt-Showroom_47-rue-dAboukir-75002-11-1536x1152.jpg 1536w, http://kils.fr/wp-content/uploads/2021/04/202005_KilsLifArt-Showroom_47-rue-dAboukir-75002-11-2048x1536.jpg 2048w, http://kils.fr/wp-content/uploads/2021/04/202005_KilsLifArt-Showroom_47-rue-dAboukir-75002-11-1568x1176.jpg 1568w" sizes="(max-width: 1024px) 100vw, 1024px" /></figure><div class="wp-block-media-text__content">
<p class="has-text-align-center has-white-color has-text-color has-large-font-size">QUOI ?</p>



<p class="has-drop-cap has-text-align-right has-white-color has-text-color has-normal-font-size"><span class="has-inline-color has-black-color">Kils crée des décorations personnalisées. <br>Que ce soit les tissus, les essences de bois, les dimensions, les couleurs etc tout est sur mesure et harmonisé.<br>Que ce soit le mobilier en tant que revendeur, ou l&#8217;ensemble d&#8217;un lieu en tant que décorateur ou architecte d&#8217;intérieur, vos gouts, vos besoins sont nos prescriptions.<br>A Nous de vous les transcrire en une réalité propre au bonheur et à la sérénité et ceci qu&#8217;il s&#8217;agisse de votre résidence de vos bureaux, votre restaurant ou hôtel.<br>Nous sommes guidés par appétence au bien être</span></p>
</div></div>



<hr class="wp-block-separator has-text-color has-background has-white-background-color has-white-color is-style-dots"/>



<div class="wp-block-media-text alignwide has-media-on-the-right is-stacked-on-mobile"><figure class="wp-block-media-text__media"><img loading="lazy" width="1024" height="683" src="http://kils.fr/wp-content/uploads/2021/04/Meero-2000-1-1024x683.jpg" alt="" class="wp-image-64 size-full" srcset="http://kils.fr/wp-content/uploads/2021/04/Meero-2000-1-1024x683.jpg 1024w, http://kils.fr/wp-content/uploads/2021/04/Meero-2000-1-300x200.jpg 300w, http://kils.fr/wp-content/uploads/2021/04/Meero-2000-1-768x512.jpg 768w, http://kils.fr/wp-content/uploads/2021/04/Meero-2000-1-1536x1024.jpg 1536w, http://kils.fr/wp-content/uploads/2021/04/Meero-2000-1-2048x1365.jpg 2048w, http://kils.fr/wp-content/uploads/2021/04/Meero-2000-1-1568x1045.jpg 1568w" sizes="(max-width: 1024px) 100vw, 1024px" /></figure><div class="wp-block-media-text__content">
<p class="has-text-align-center has-white-color has-text-color has-large-font-size">COMMENT ?</p>



<p class="has-drop-cap has-white-color has-text-color has-normal-font-size"><span class="has-inline-color has-black-color">Un lieu d&#8217;exposition sur 250m² au 47 rue Aboukir, pensé comme un appartement et non comme un lieu de vente permettant d&#8217;essayer de toucher et d&#8217;être convaincu par le produit.<br>VOUS N&#8217;ACHETEZ PAS UNE IMAGE !<br>Pour les projets de décoration plus globaux et ceux d&#8217;architecture d&#8217;intérieur, nous procédons par esquisse plan et devis lesquels sont gratuits si le projet nous est confié.<br>Notre structure est de base extrêmement légère de sorte de garantir des prix compétitifs.<br>Selon les projets nous constituons une équipe dédiée.<br>Cette organisation rationnelle en réseau de compétence avec des entreprises (electricité,<br>plomberie, carrelage, menuiserie etc) toutes testées vérifiées et compétentes</span></p>
</div></div>



<hr class="wp-block-separator has-text-color has-background has-white-background-color has-white-color is-style-dots"/>



<div class="wp-block-media-text alignwide is-stacked-on-mobile"><figure class="wp-block-media-text__media"><img loading="lazy" width="1004" height="1024" src="http://kils.fr/wp-content/uploads/2021/04/séjour-sam-cuisine-1004x1024.jpeg" alt="" class="wp-image-88 size-full" srcset="http://kils.fr/wp-content/uploads/2021/04/séjour-sam-cuisine-1004x1024.jpeg 1004w, http://kils.fr/wp-content/uploads/2021/04/séjour-sam-cuisine-294x300.jpeg 294w, http://kils.fr/wp-content/uploads/2021/04/séjour-sam-cuisine-768x784.jpeg 768w, http://kils.fr/wp-content/uploads/2021/04/séjour-sam-cuisine-1505x1536.jpeg 1505w, http://kils.fr/wp-content/uploads/2021/04/séjour-sam-cuisine.jpeg 1568w" sizes="(max-width: 1004px) 100vw, 1004px" /></figure><div class="wp-block-media-text__content">
<p class="has-text-align-center has-white-color has-text-color has-large-font-size">POUR QUI ?</p>



<p class="has-drop-cap has-white-color has-text-color has-normal-font-size"><span class="has-inline-color has-black-color">Nous intervenons autant sur le résidentiel que sur les bureaux ou CHR<br>Nous acceptons sans soucis de travailler en sous traitance pour des confrêres</span></p>
</div></div>

<p>QUOI ? Kils crée des décorations personnalisées. Que ce soit les tissus, les essences de bois, les dimensions, les couleurs etc tout est sur mesure et harmonisé.Que ce soit le mobilier en tant que revendeur, ou l&#8217;ensemble d&#8217;un lieu en tant que décorateur ou architecte d&#8217;intérieur, vos gouts, vos besoins [&hellip;]</p>
